 5 + -69 + 81 + -34.
-17
-86 - (77 + -102) - -32
-29
Evaluate -28 - -46 - -21 - (-34 + 13).
60
Evaluate (2 - 2) + (34 - 39) + -40.
-45
Calculate -103 + (-124 - -375) - 89.
59
Evaluate (-123 - (131 + -270)) + -42 + (2 - 1).
-25
Evaluate -94 + -116 + 114 - (-4 + -1 + 17 + 3).
-111
Evaluate -53 + (11 + -3 - -5 - 5) + 13.
-32
Evaluate -8 + (308 - 314 - ((68 - 2) + -1)).
-79
What is (24 + -99 - -38) + 65?
28
Evaluate 2244 + -2222 + (-3 - 83).
-64
-11 + (24 - -2) + -1 + 117
131
What is the value of 72 + 144 + -10 + -138?
68
What is the value of (3 - (-3 + 0)) + 18 + 34 + 3 + 3?
64
What is the value of -3 - (-88 + 52) - 33?
0
Evaluate -7 - (-134 - -16) - (7 + -41 + 12).
133
What is the value of (133 - (35 + 125)) + 1 + -40?
-66
Calculate (0 - -55) + 139 + -95 + -55.
44
(-16 - (-44 + 5 + 5)) + (-1 - 8)
9
What is the value of -4 - (-8 - ((0 - (-5 - 1)) + (7 - 13)))?
4
Evaluate 103 - (72 + -67) - 51.
47
What is -57 + 60 - (37 + 3 - -1)?
-38
What is -30 - (51 - 46) - -23?
-12
21 + (-87 - -12) + 26
-28
Calculate -1 - (-1 + -2) - ((33 - 49) + 12) - -29.
35
Calculate 104 + -77 + -14 + (-8 - (5 + -9)).
9
What is the value of 65 + (-74 - -56) + 4?
51
13 + -24 - -117 - (-174 - -175)
105
Evaluate -75 + -1 + (-3210 - -3312).
26
What is -2 + (14 + 4 - (-37 - -84 - 48))?
17
-25 + (-28 - -95 - (-6 - 23))
71
Evaluate 20 + (25 - 23) + 62 + -27.
57
What is -30 - (-51 + 31 - 43)?
33
What is the value of 42 + -24 + (7 + -16 - -9)?
18
Calculate -12 - (-43 - ((-55 - -27) + 7)).
10
Calculate 63 - (-5 - (-23 - 51)).
-6
-2 + 22 - ((-76 - -54) + (2 - -17))
23
Evaluate -26 - (-11 + 1 - (12 + 3)).
-1
Calculate -22 + (56 - (16 - (17 + -6))).
29
Calculate -24 - ((-8 - (0 - (2 + -3))) + -114 + 117).
-18
Calculate -181 - (48 - (56 - -54)).
-119
What is the value of 3 - (-7 + -24 - -21 - -10)?
3
What is -10 - (22 + -6) - (-86 - -67)?
-7
What is 28 + -14 + 5 - 19 - 1?
-1
Calculate -8 + (24 + -11 - 28).
-23
What is the value of 7 + (1 - 2) + (46 - (48 - 51 - -53))?
2
10 + 2 + (-4 - -10) + (13 - -114 - 28)
117
8 + (-46 - (60 - 123) - (-1 - -1 - -3))
22
What is the value of -478 + 436 + (1 - (25 + 2))?
-68
Calculate -1 - 0 - (1 + 16) - (659 - (568 - -96)).
-13
Evaluate 13 + -14 + (-95 - -41 - -58).
3
Calculate 49 + -91 - (18 - (-38 - -17)).
-81
What is the value of (63 - 0 - 33 - -21) + -4 + 0?
47
What is the value of 23 - (-6 + 8) - (75 - -91 - 50)?
-95
What is the value of 7 - 40 - (-150 - -132) - -8?
-7
-2 + 38 - (-75 - -36 - -86)
-11
(4 - (-4 + -3)) + (-3 - 12 - 3)
-7
Evaluate (22 - 1) + -11 + 35 - (4 + 7 + -1).
35
What is the value of (1 - (5 - -2)) + (-9 - -9 - 24) + 51?
21
What is the value of 27 - (65 - 31) - 27?
-34
Evaluate 275 - 278 - (-31 + 65).
-37
Evaluate (-12 - (-52 + 12 - -17)) + -28 + -3 + 0.
-20
Evaluate -15 + -92 + -22 + 97.
-32
1290 + -1286 + (-50 - (-2 - -4))
-48
What is (3 - 23) + 31 + -1 - 25?
-15
What is -5 - -9 - (255 - 278)?
27
What is the value of ((11 - -5) + -14 - (9 - 0)) + -17?
-24
What is the value of (-11 - (-2 - 0)) + (1 - (-25 - -70) - 21)?
-74
Evaluate (19 - 4) + 22 + -18 + (27 - -20).
66
What is 68 + -93 + (-12 - 1 - (2 + 6 + -10))?
-36
Evaluate -13 - (11 - (42 - (20 - 22))).
20
What is ((-27 - -56) + 12 - 12) + 68?
97
Calculate (32 - 94) + 9 + -16.
-69
144 + -1 + -68 + 33
108
What is the value of 23 - (82 + -25 + -66)?
32
What is the value of -4 + 15 + (19 - ((3 - -9) + -6)) + 27?
51
What is 143 + (-86 - -49) + 30 + -22?
114
What is the value of -66 + 70 + -21 + (-66 - 5)?
-88
What is -1 - (-39 + -28) - (3 - -20)?
43
What is 556 + -520 + (-1 - (-4 + -47))?
86
What is (-2 - 0) + -107 - ((-7 - 21) + (90 - 59))?
-112
What is the value of -109 + (246 - 220 - (-2 + -12))?
-69
(-2 - 11) + -2 - -38
23
What is the value of 45 - 19 - (20 + 35 + -15)?
-14
Evaluate (0 - (-29 + 35)) + -5 + -5 - (-16 + 3).
-3
Evaluate 21 + -4 + (-19 - -51) + -21 + 16.
44
Calculate 16 - (-116 - (-68 + 51 - (7 + -19))).
127
What is the value of 18 - (3 + -1 + 113 + -3 - -10)?
-104
What is the value of 106 + (7 - 80) - 63?
-30
Calculate 33 + 10 + -135 + 50.
-42
35 + 11 + (-65 - -7)
-12
What is -20 - -15 - (-6 + 1 - (-5 + 26))?
21
Calculate 5 + 34 + -21 + -24 + -136 + -5.
-147
Evaluate -41 + 30 - 64 - ((0 - 1) + 4 + -8).
-70
12977 + -13047 - (1 - -22)
-93
-3 + 5 + 4 + -12 - (24 - 37)
7
What is the value of 21 - 4 - (16 + -11 + 4) - -39?
47
(2 - (37 - -13)) + (256 - 282)
-74
What is 16 - (10 + (-4 - -4 - (0 + 2)))?
8
-14 - -8 - -51 - (-8 - -2) - 9
42
What is the value of 10 - (66 + (12 + (-2 - -1) - (-408 + 420)))?
-55
Evaluate 3 + -11 + 0 + 20 + 39 + -37 - 7.
7
What is 71 + 75 + -137 - (2 + 1 - 86)?
92
What is the value of -40 + (-36 - (-170 + 54))?
40
Evaluate 40 - (23 + 39 - 4).
-18
What is 59 + (10 - 11) - ((2 - 4 - -8) + -4)?
56
-19 - (70 - (37 + 23))
-29
Calculate 44 - ((-69 - -71) + -31).
73
What is (-40 - (-11 + -1 + -22 + 43)) + 12?
-37
-1 - 11 - (-31 + (36 - (28 - 118)))
-107
What is (6 - -1) + -64 + 131 + 0?
74
What is -4 - (23 + -35) - (-59 + (13 - (7 - 1)))?
60
What is 39 - (4 + -15 + 25 + -22 + 11)?
36
0 - -10 - ((2 - 18) + 3 + (-90 - -98))
15
Evaluate (4 + -7 - 13) + (-298 - -290).
-24
20 + 0 + (83 - 116) + 15
2
Evaluate (-18 - -4) + -2 + 22 + -24 - 2.
-20
Calculate 9 + -12 - (-32 - -18) - (5 - (5 - 94)).
-83
Evaluate -33 + (2 + -3 - (-50 - -48 - 4)).
-28
What is 119 - 64 - -78 - 70?
63
Calculate 1 + -37 + 2347 + -2371.
-60
What is the value of -23 + (2 - 26) + -122 + 142?
-27
Evaluate -1 + -13 + (7 - 12) + (-8 - (2 - 6)).
-23
Calculate 9 + -8 - (34 - (2 + -45)).
-76
-16 + -1 + -81 + 65 + (4 - 1 - 6)
-36
What is -9 - (13 + (-36 - 12) + 5)?
21
Calculate 33 + 8 - 5 - (-192 - -190).
38
Evaluate -47 + (195 - 95) - (2 + -2 + 2).
51
Calculate (-11 - -19) + 35 - (155 - 164).
52
(20 - (-17 - (18 + -30))) + -8
17
What is 6 - (-12 - -23) - -25 - (-49 + 4)?
65
Evaluate 5 - ((-23 - (10 - 22) - -5) + -9).
20
Calculate -17 + -1 + (-38 - -31).
-25
-12 + (-54 + 49 - (-14 + 16))
-19
Evaluate -1 + -44 + (-6 - 50 - -53).
-48
What is (-121 - -113 - -24) + -47 + 0?
-31
Evaluate 17 + (-3222 + 3226 - (67 - (-1 + -1))).
-48
(42 - (66 - 2)) + -14
-36
Calculate 2 + (2 - 7) - (30 + -5 + -13).
-15
Calculate 0 - (-3 + -1 + (-1 - -13)) - (-1089 + 1070).
11
Evaluate -4 - (-21 - (-5 - (3 + 4))).
5
9 - ((51 - 1) + -106 + 86)
-21
Calculate 5392 + -5377 - (1 + -1 - -2).
13
Evaluate (-105 - (-143 + 66)) + 130.
102
What is the value of 0 - (19 + 61) - -181?
101
Evaluate 308 + 110 + -423 + (1 - 24 - 0).
-28
-74 + 63 - ((-3 - -12) + (86 - 84))
-22
Evaluate -3 + -137 - (4171 + -4269).
-42
Evaluate 27 - (99 + -87) - (3 - (2 - -10)).
24
Calculate (-113 - (-29 - (1 + 10))) + 27.
-46
Evaluate (-2 - 40) + -2 - (-87 + 51 + 33).
-41
Evaluate (21 - 14) + 1 + 1 + -18 + 62.
53
Calculate 5 + (-40 - -21) - (-39 - -39).
-14
Evaluate 1 + 10 + (11 + -39 + 21 - -12) + -69.
-53
(-35 - -1) + (-15 + 7 - (8 - 5))
-45
Evaluate (-27 - -4) + 67 + 13 + -2.
55
-64 - ((4 - -25) + -25 + -33)
-35
Calculate (-16 + 4 - (-27 + 13 + 9)) + (-1 - -48).
40
-16 + -36 - -24 - ((4 - 8) + 13)
-37
What is 85 + (-63 - -8) + -42?
-12
2 + -63 + (-1658 - -1716)
-3
Calculate -5 + 1 + -24 + -18 + 122.
76
(-29 - -31 - (22 + 2)) + 11
-11
Calculate 66 + 29 + -63 + -54.
-22
Evaluate 80 + -15 + (15 + -5 - (11 - 7 - 6)).
77
1 + (22 - 7) + -2 + -51
-37
What is 1 + -133 + (69 - 31) + -35 - (5 - 6)?
-128
Calculate -46 + -1 - (-70 + -180 + 261).
-58
What is the value of 107 - (-72 + 103) - (-3 + 1 + 24)?
54
(36 - 25) + -1 - (4 + -5 - -32)
-21
0 - -23 - (-1309 - -1326)
6
Calculate 4 + (-51 - 1) - (1 - (5 + 14 + -23)).
-53
What is (-22 - -38) + (12 - 20) + -47?
-39
What is 44 + -260 - (138 - 303)?
-51
29 - (-31 - 30 - -125)
-35
Calculate (41 - 0) + 76 + -111.
6
What is the value of -50 + ((26 - 30) + -8 - (-20 + 7))?
-49
What is the value of (36 - 80) + 58 + (3 - 1 - 13)?
3
Evaluate 25 + (-148 - -2) + (-121 - -140) + (1 - -7).
-94
What is the value of 56 - (25 + 92) - -65?
4
-3 + (10 + -1 - (113 + -109)) + -5 + 22
19
2 + 63 + 106 + -112 + 6 + -17
48
Calculate -46 - (53 - (101 + -3)).
-1
-153 - ((-131 - -11) + -25)
-8
What is 65 - ((7 + -9 - 0 - -11) + (-4 - -5))?
55
What is (-200 - -202) + (-1 - -4) - (-14 - -7)?
12
(34 - -56) + (22 - 31) + (-11 - -3)
73
Calculate (1392 - 1400) + 10 + (-1 - -1) + (-12 - 29).
-39
Evaluate -14 + -3 + (12 - 28).
-33
(-39 - (-40 